are the prime factors of 142683696?
2, 3, 839, 1181
List the prime factors of 39493065.
3, 5, 97, 27143
What are the prime factors of 5310291937?
5310291937
List the prime factors of 350565223.
350565223
What are the prime factors of 1362753750?
2, 3, 5, 363401
What are the prime factors of 468849818?
2, 107, 2190887
List the prime factors of 1769298.
2, 3, 23, 12821
What are the prime factors of 1556158418?
2, 778079209
List the prime factors of 17141246.
2, 71, 120713
What are the prime factors of 130390106?
2, 7, 11, 846689
List the prime factors of 3072105701.
7, 10099, 43457
What are the prime factors of 156322098?
2, 3, 181, 47981
What are the prime factors of 147113015?
5, 7, 4203229
List the prime factors of 50772443.
239, 212437
What are the prime factors of 728192356?
2, 31, 643, 9133
What are the prime factors of 159840656?
2, 619, 16139
What are the prime factors of 4033325978?
2, 11, 61, 3005459
List the prime factors of 5253077434.
2, 11, 238776247
List the prime factors of 3872569706.
2, 17, 2843, 40063
List the prime factors of 73407127.
19, 3863533
What are the prime factors of 2105990869?
257, 8194517
What are the prime factors of 244609759?
244609759
What are the prime factors of 2147425665?
3, 5, 7, 11, 1859243
List the prime factors of 878729588.
2, 11, 1815557
What are the prime factors of 70304371?
263, 267317
What are the prime factors of 75857330?
2, 5, 29, 261577
What are the prime factors of 1569425864?
2, 196178233
List the prime factors of 53854549.
7, 7693507
What are the prime factors of 2852003098?
2, 7, 229, 269, 3307
List the prime factors of 4185298716.
2, 3, 31, 127, 88589
What are the prime factors of 824469458?
2, 412234729
What are the prime factors of 118112011?
118112011
List the prime factors of 128790524.
2, 23, 701, 1997
List the prime factors of 823618685.
5, 164723737
List the prime factors of 58266960.
2, 3, 5, 242779
What are the prime factors of 35884193?
919, 39047
What are the prime factors of 496119587?
496119587
What are the prime factors of 91057388?
2, 4327, 5261
What are the prime factors of 92412562?
2, 11, 937, 4483
What are the prime factors of 6023390921?
17, 4733, 74861
What are the prime factors of 62185245?
3, 5, 79, 97, 541
What are the prime factors of 227590157?
1031, 220747
What are the prime factors of 453343976?
2, 67, 271, 3121
List the prime factors of 1167579517.
13, 89813809
What are the prime factors of 413048174?
2, 7, 11, 2682131
What are the prime factors of 281548440?
2, 3, 5, 103, 2531
List the prime factors of 127072.
2, 11, 19
List the prime factors of 47373354.
2, 3, 7, 375979
What are the prime factors of 1008848052?
2, 3, 28023557
What are the prime factors of 680211795?
3, 5, 45347453
What are the prime factors of 231096099?
3, 13, 29, 204329
What are the prime factors of 418188755?
5, 59, 103, 13763
What are the prime factors of 136462592?
2, 7, 271, 281
List the prime factors of 1990508364.
2, 3, 13, 8389
What are the prime factors of 728896858?
2, 3011, 121039
List the prime factors of 4559658070.
2, 5, 11, 41451437
What are the prime factors of 2580229556?
2, 645057389
What are the prime factors of 5641312289?
5641312289
What are the prime factors of 1754313126?
2, 3, 31, 67, 140773
What are the prime factors of 67396915?
5, 2213, 6091
List the prime factors of 18766133.
18766133
What are the prime factors of 11427487?
37, 308851
List the prime factors of 3936816604.
2, 7, 31, 239, 2711
List the prime factors of 40689474.
2, 3, 7, 787, 1231
What are the prime factors of 51925232?
2, 3245327
What are the prime factors of 166273385?
5, 29, 1146713
What are the prime factors of 147268918?
2, 149, 494191
List the prime factors of 73667407.
11, 37, 181001
What are the prime factors of 1781467013?
29, 61429897
What are the prime factors of 2146482175?
5, 7283, 11789
What are the prime factors of 9161751?
3, 23, 251
List the prime factors of 366196144.
2, 22887259
List the prime factors of 196185812.
2, 29, 1691257
List the prime factors of 7260147.
3, 19, 42457
What are the prime factors of 12827221?
11, 1063, 1097
List the prime factors of 15504359.
13, 337, 3539
What are the prime factors of 277128603?
3, 79, 389773
What are the prime factors of 54210294?
2, 3, 467, 6449
List the prime factors of 155758828.
2, 17, 2290571
What are the prime factors of 268942292?
2, 5683, 11831
What are the prime factors of 55754096?
2, 41, 84991
List the prime factors of 118704267.
3, 11, 19, 5737
List the prime factors of 52471832.
2, 7, 23, 40739
What are the prime factors of 579829057?
23, 239, 313, 337
List the prime factors of 1856198007.
3, 206244223
List the prime factors of 130426160.
2, 5, 509, 3203
List the prime factors of 158283438.
2, 3, 26380573
What are the prime factors of 164304507?
3, 17, 41, 78577
What are the prime factors of 1129511089?
7, 569, 283583
What are the prime factors of 3245866736?
2, 7, 37, 783269
What are the prime factors of 6142128061?
1733, 3544217
What are the prime factors of 153359745?
3, 5, 7, 11, 23, 251
What are the prime factors of 98326660?
2, 5, 53, 92761
List the prime factors of 30961769.
347, 89227
List the prime factors of 93950668.
2, 7, 19, 176599
List the prime factors of 79483696.
2, 37, 134263
What are the prime factors of 2779884445?
5, 13, 42767453
What are the prime factors of 81111636?
2, 3, 2253101
What are the prime factors of 188228028?
2, 3, 37, 43, 9859
What are the prime factors of 2961079280?
2, 5, 37013491
What are the prime factors of 48402156?
2, 3, 11, 366683
What are the prime factors of 2246539546?
2, 1123269773
List the prime factors of 327872403.
3, 4583, 7949
List the prime factors of 4942412790.
2, 3, 5, 7, 1621, 14519
What are the prime factors of 1155686131?
7517, 153743
What are the prime factors of 425791427?
29, 14682463
What are the prime factors of 40119953?
40119953
What are the prime factors of 3632452404?
2, 3, 7, 31, 167, 8353
List the prime factors of 3932681452.
2, 7, 31, 4530739
List the prime factors of 4091335823.
4091335823
List the prime factors of 61732465.
5, 37, 113, 2953
List the prime factors of 391306620.
2, 3, 5, 1321, 4937
List the prime factors of 2466402.
2, 3, 411067
What are the prime factors of 21053846?
2, 11, 956993
What are the prime factors of 408306645?
3, 5, 1667, 5443
What are the prime factors of 3385835183?
37, 59, 1551001
What are the prime factors of 264472071?
3, 88157357
What are the prime factors of 223519236?
2, 3, 67, 317, 877
What are the prime factors of 1298962231?
7, 17, 59, 10883
List the prime factors of 2655784193.
101, 1877, 14009
List the prime factors of 750229238.
2, 11, 89, 619
List the prime factors of 5918607561.
3, 1972869187
List the prime factors of 71871779.
7, 1466771
What are the prime factors of 181057508?
2, 139, 325643
What are the prime factors of 43777277?
43777277
List the prime factors of 1008505567.
701, 1438667
What are the prime factors of 498739810?
2, 5, 1151, 43331
What are the prime factors of 64594842?
2, 3, 13, 63703
What are the prime factors of 234015927?
3, 83, 939823
List the prime factors of 37716011.
757, 49823
What are the prime factors of 458317736?
2, 43, 1332319
What are the prime factors of 54861474?
2, 3, 19, 269, 1789
What are the prime factors of 47673025?
5, 43, 61, 727
What are the prime factors of 5525548263?
3, 29, 1877, 11279
List the prime factors of 58186893.
3, 47, 499, 827
What are the prime factors of 640103285?
5, 103, 643, 1933
What are the prime factors of 1153972558?
2, 2269, 254291
List the prime factors of 128135961.
3, 14237329
List the prime factors of 84505162.
2, 7, 137, 44059
What are the prime factors of 350116051?
23, 15222437
What are the prime factors of 2021154314?
2, 271, 3729067
List the prime factors of 6567703548.
2, 3, 7, 97, 806051
List the prime factors of 2266998557.
2266998557
What are the prime factors of 3839117192?
2, 83, 5781803
What are the prime factors of 39689661?
3, 11, 29, 67, 619
What are the prime factors of 241849997?
3581, 67537
List the prime factors of 37187961.
3, 113, 163, 673
List the prime factors of 63679675.
5, 83, 30689
List the prime factors of 462731616.
2, 3, 167, 1069
What are the prime factors of 356030506?
2, 13, 29, 472189
What are the pr